40 - 3425?
-3465
In base 15, what is 4a1d - 0?
4a1d
In base 3, what is 0 + 101212222?
101212222
In base 9, what is -447 - 2?
-450
In base 8, what is -2 - -5552247?
5552245
In base 15, what is -5 - 17da?
-17e0
In base 13, what is -2 - 159ba?
-159bc
In base 3, what is -101 - 100210020?
-100210121
In base 14, what is -32c64 - 2?
-32c66
In base 2, what is 101110110101111 - 10?
101110110101101
In base 10, what is 2188604 + 0?
2188604
In base 8, what is 2 - -116777?
117001
In base 9, what is -145441 + -3?
-145444
In base 4, what is -13 + 13131210?
13131131
In base 7, what is 51 + 1346?
1430
In base 12, what is 3 - 25228?
-25225
In base 13, what is 47208 - -5?
47210
In base 11, what is 2 - 5797?
-5795
In base 8, what is 3 - 10011?
-10006
In base 15, what is -bae3d + 4?
-bae39
In base 13, what is -2 - -3c869?
3c867
In base 8, what is -4 - 142051?
-142055
In base 12, what is -91 + -bb0?
-1081
In base 10, what is 300 - 696?
-396
In base 15, what is 4 + b9c2?
b9c6
In base 3, what is -12110011 - -112?
-12102122
In base 6, what is 3251441 + -2?
3251435
In base 2, what is 11 - 1011001000110?
-1011001000011
In base 4, what is 1 - 3313121?
-3313120
In base 2, what is 11 - -1000010000111110110?
1000010000111111001
In base 10, what is 50603 + -5?
50598
In base 5, what is 143 - -44201?
44344
In base 5, what is -10243 + 12302?
2004
In base 15, what is -e + -757c?
-758b
In base 12, what is -10b50 - -61?
-10aab
In base 15, what is -32 - 1ac7?
-1b09
In base 16, what is -5 - 43466?
-4346b
In base 14, what is -d86b4 - -5?
-d86ad
In base 5, what is -3333 + 2042?
-1241
In base 14, what is -6a - 358?
-3c4
In base 3, what is 10120020221020 + 0?
10120020221020
In base 15, what is -1150 - -3?
-114c
In base 13, what is -2 + 11022?
11020
In base 6, what is -144131 - -11?
-144120
In base 7, what is -2446 + 3243?
464
In base 3, what is 10021100201 - 12?
10021100112
In base 6, what is 3405 + 222?
4031
In base 11, what is 3 - 2917?
-2914
In base 4, what is 3 - 11221303?
-11221300
In base 3, what is 2001122 + 202?
2002101
In base 3, what is -21120 + 121012?
22122
In base 14, what is -8b - -73?
-18
In base 7, what is -31015 - 6?
-31024
In base 3, what is -2211122 - -1100?
-2210022
In base 10, what is -4 - -759966?
759962
In base 8, what is 0 - 4751173?
-4751173
In base 10, what is -4426 - -5?
-4421
In base 11, what is 25 - -20?
45
In base 16, what is e4b6 - -6?
e4bc
In base 2, what is 100111011011111011000 - -1?
100111011011111011001
In base 5, what is -1211140 + -4?
-1211144
In base 16, what is -a + 1829?
181f
In base 12, what is 15134b + 5?
151354
In base 3, what is -122 - 22201?
-100100
In base 12, what is -9017 - -33?
-8ba4
In base 14, what is 0 - -7da96?
7da96
In base 9, what is 11763 - -123?
11886
In base 4, what is 22201013 + 1133?
22202212
In base 3, what is -221222210220 - 10?
-221222211000
In base 14, what is 1c0 + -54?
16a
In base 7, what is -65 - -32340?
32242
In base 2, what is 1110011011111111 - 11?
1110011011111100
In base 4, what is 31322 - 0?
31322
In base 12, what is 3b6 - -1aa?
5a4
In base 13, what is -20a - -4737?
452a
In base 8, what is 4253727 + 0?
4253727
In base 6, what is 54 + -1143?
-1045
In base 9, what is 312 + -272?
30
In base 7, what is -5 + 5344216?
5344211
In base 8, what is -11547 + -7?
-11556
In base 2, what is 101110110000110 - -10101010?
101111000110000
In base 6, what is 134 - -255?
433
In base 3, what is -102210 + 1120?
-101020
In base 6, what is 1 - -2545431?
2545432
In base 6, what is -20440 - 1?
-20441
In base 15, what is -9e7 + 14?
-9d3
In base 7, what is -432 + 226?
-203
In base 16, what is 7b4 - -b?
7bf
In base 14, what is 1 + 4730c?
4730d
In base 8, what is 3246364 - 10?
3246354
In base 10, what is -26167 + 16?
-26151
In base 5, what is -4 + -12200142?
-12200201
In base 12, what is -170 - 183?
-333
In base 5, what is 1133030 - 10?
1133020
In base 7, what is -454014 + 0?
-454014
In base 16, what is c + 9978?
9984
In base 13, what is -2268a - -3?
-22687
In base 11, what is 72 - -293a?
2a01
In base 2, what is 0 - 11110101101100100?
-11110101101100100
In base 3, what is -1112020110 - 2100?
-1112022210
In base 14, what is 2988 - 4?
2984
In base 7, what is 464 + 241?
1035
In base 9, what is -2543 + 31?
-2512
In base 14, what is 1d2 - -1556?
1748
In base 11, what is -2a - -4236?
4207
In base 4, what is -11 + -2211322?
-2211333
In base 6, what is 1342240 - -5?
1342245
In base 11, what is 19 - 4a8?
-48a
In base 3, what is 221001 + 101112120?
102110121
In base 14, what is 398 - 2b2?
c6
In base 14, what is 190 - -4a?
1da
In base 14, what is 8 + -138a33?
-138a29
In base 6, what is 2 + 12414035?
12414041
In base 2, what is 1001111000110111 - 1101?
1001111000101010
In base 7, what is -43 + -316655?
-320031
In base 6, what is 3103145 + -5?
3103140
In base 15, what is -685 - -609?
-7b
In base 14, what is -b07 + 126?
-9c1
In base 7, what is 11 - -212305?
212316
In base 3, what is 11112 + 2022?
20211
In base 2, what is 1100010100110 + -110?
1100010100000
In base 7, what is 1053 - 40?
1013
In base 15, what is -614ce1 + 2?
-614cde
In base 2, what is -100 - -10110100101?
10110100001
In base 12, what is 5 - 281314?
-28130b
In base 6, what is -25 - 53113?
-53142
In base 12, what is -14a05 + 3?
-14a02
In base 15, what is -98cad - 7?
-98cb5
In base 5, what is 133420 + -11?
133404
In base 4, what is 1 - 22120102?
-22120101
In base 3, what is -1 + 11110001021?
11110001020
In base 12, what is -1848 - -31?
-1817
In base 14, what is -11a - 21?
-13b
In base 3, what is 121211 + 11100?
210011
In base 9, what is 885127 - -1?
885128
In base 4, what is 20210 - -123?
20333
In base 11, what is 8 - 2411?
-2404
In base 6, what is -1050 + -30240?
-31330
In base 2, what is 1011011110 + 10?
1011100000
In base 4, what is 321 + 212011?
212332
In base 9, what is -127 + -381?
-518
In base 15, what is -5ca2e8 - 1?
-5ca2e9
In base 4, what is 21302 + -1011?
20231
In base 14, what is 457 - 3a?
41b
In base 16, what is 1e + -20d?
-1ef
In base 7, what is -5 - -340663?
340655
In base 4, what is 1012111201 + -10?
1012111131
In base 4, what is 3 - -1112232233?
1112232302
In base 15, what is 9b5a - 1?
9b59
In base 9, what is -871 + -1?
-872
In base 6, what is -3 - 2252354?
-2252401
In base 6, what is 0 - 304013?
-304013
In base 7, what is -5 + 3141152?
3141144
In base 2, what is -100000110000101 - -100?
-100000110000001
In base 7, what is 1 + -5120?
-5116
In base 7, what is 52 - -321?
403
In base 8, what is -1163735 + 4?
-1163731
In base 14, what is 1456 - 5?
1451
In base 3, what is -110101220111 - 12?
-110101220200
In base 7, what is -34364 - 14?
-34411
In base 9, what is 6 - 105883?
-105876
In base 12, what is -5 + 364b?
3646
In base 15, what is 1 - 9b671?
-9b670
In base 7, what is -325 + -416?
-1044
In base 15, what is -508 - 41?
-549
In base 6, what is 235513440 + 3?
235513443
In base 3, what is 10001 - 2001212?
-1221211
In base 2, what is -10 - -1110010100000011?
1110010100000001
In base 15, what is -1 + -291?
-292
In base 12, what is -3b2870 - 1?
-3b2871
In base 10, what is -986 - -487?
-499
In base 4, what is 20 + -31000010?
-30333330
In base 13, what is -2834a - -6?
-28344
In base 7, what is -2 - 15610?
-15612
In base 5, what is 123 - 34131?
-34003
In base 13, what is -52 + 218a?
2138
In base 6, what is -13 + 4232115?
4232102
In base 5, what is -431 - 41443?
-42424
In base 13, what is 149 - 61?
b8
In base 4, what is -22330013 + 23?
-22323330
In base 5, what is -3101 - -1411?
-1140
In base 2, what is 11 + 101110110111101?
101110111000000
In base 12, what is 1271 + -4?
1269
In base 9, what is 3 + -1176031?
-1176027
In base 5, what is -212441 - -10?
-212431
In base 14, what is 63219 + 0?
63219
In base 8, what is -4312657 + -1?
-4312660
In base 11, what is -13439 + 3?
-13436
In base 13, what is 3a1c7 - 6?
3a1c1
In base 5, what is -1 - -21102?
21101
In base 9, what is -156 + 484?
327
In base 8, what is -32 - 52610?
-52642
In base 12, what is -108 + -1273?
-137b
In base 12, what is -3b + -25?
-64
In base 2, what is -101 - 1100010000110101?
-1100010000111010
In base 13, what is 65b + -51a?
141
In base 2, what is -101 + 101000000010?
100111111101
In base 9, what is -10 - 2252?
-2262
In base 16, what is -4 + 6240?
623c
In base 5, what is 2440241 - -100?
2440341
In base 12, what is -571 + -7